 = -25*n - 1967. What is q(-79)?
8
Let y(f) = 13*f**2 - 257*f - 577. Determine y(-2).
-11
Let q(n) = 18*n + 688. What is q(-40)?
-32
Let o(w) = w**2 + 166*w + 1566. Calculate o(-156).
6
Let p(o) = -69*o - 1985. Give p(-28).
-53
Let j(c) = -c**2 - 17*c + 522. Determine j(-36).
-162
Let b(m) = m**3 - 30*m**2 - 52*m + 2387. Calculate b(29).
38
Let j(l) = 33*l + 134. Give j(-12).
-262
Let c(m) = 62*m + 1183. Give c(-20).
-57
Let n(c) = 6914*c - 55293. Determine n(8).
19
Let l(r) = -33*r**2 - 483*r + 753. Calculate l(-16).
33
Let z(w) = -911*w + 905. Determine z(1).
-6
Let p(a) = -a**2 + 11*a + 8. Determine p(-3).
-34
Let c(x) = -4*x**2 - 66*x - 32. Give c(-16).
0
Let n(k) = 1075*k - 2137. Calculate n(2).
13
Let v(f) = 2*f**3 + 295*f**2 - 447*f + 9. Calculate v(-149).
9
Let z(k) = -k**3 + 29*k**2 + 225*k - 1867. What is z(34)?
3
Let q(z) = 1606*z + 6403. Determine q(-4).
-21
Let x(j) = 70*j + 5767. Calculate x(-82).
27
Let c(y) = 335*y + 17424. What is c(-52)?
4
Let f(d) = -318*d - 31793. Give f(-100).
7
Let m(x) = 2*x**3 - 13*x**2 - 6*x + 74. Determine m(6).
2
Let m(w) = 8191*w - 98291. Determine m(12).
1
Let z(c) = 74*c + 156. Calculate z(-2).
8
Let l(u) = -u**3 + 20*u**2 - 6*u + 382. Give l(21).
-185
Let v(b) = 17*b - 1664. What is v(98)?
2
Let s(x) = -x**3 + 45*x**2 - 89*x + 141. Determine s(43).
12
Let c(u) = -u**3 + 21*u**2 + 32*u - 214. Determine c(22).
6
Let k(w) = -21*w**2 - 513*w - 205. Determine k(-24).
11
Let a(r) = 7*r + 155. Give a(-39).
-118
Let f(j) = 36*j - 3531. Determine f(98).
-3
Let i(z) = 10337*z + 10329. Determine i(-1).
-8
Let f(y) = -4*y**2 + 89*y + 527. What is f(-7)?
-292
Let x(u) = u**3 + 31*u**2 + 58*u - 19. Calculate x(-29).
-19
Let g(o) = o**3 + 39*o**2 + 102*o - 117. Calculate g(-36).
99
Let n(k) = -2*k**2 + 123*k + 1849. Calculate n(74).
-1
Let m(n) = 240*n + 1890. Give m(-6).
450
Let t(l) = 88*l - 5513. Calculate t(63).
31
Let l(r) = 760*r - 1529. Calculate l(2).
-9
Let x(u) = -8*u**2 - 28*u + 10. Determine x(-5).
-50
Let w(l) = -l**3 + 20*l**2 - 12*l - 80. Determine w(19).
53
Let b(g) = 362*g + 2125. Give b(-6).
-47
Let f(v) = -7*v**2 - 83*v + 10. What is f(-12)?
-2
Let c(a) = -a**2 + 24*a + 333. Calculate c(-11).
-52
Let p(r) = 18*r**2 - 19*r + 25. Give p(2).
59
Let l(j) = -200*j - 1775. Give l(-10).
225
Let d(o) = -o**3 + 12*o**2 + 30*o - 32. What is d(14)?
-4
Let v(k) = -2*k**3 + 119*k - 152. What is v(7)?
-5
Let i(x) = -72*x**2 - 1259*x - 605. Determine i(-17).
-10
Let s(o) = -o**2 + 6*o - 7. Give s(1).
-2
Let n(h) = 143*h**2 - 4005*h + 2. What is n(28)?
-26
Let v(x) = x**3 + 5*x**2 - 582*x + 1155. What is v(2)?
19
Let f(m) = -m**2 - 79*m - 1873. What is f(-57)?
-619
Let a(n) = n**3 + 27*n**2 - 122*n - 55. Determine a(-31).
-117
Let z(n) = -20*n + 99. What is z(-8)?
259
Let y(f) = 27*f**3 + 5*f**2 - 6*f - 7. Calculate y(-1).
-23
Let o(w) = -91*w - 27. Calculate o(2).
-209
Let x(u) = 7*u**2 - 23*u + 4. What is x(3)?
-2
Let r(s) = s**3 + 15*s**2 + 78*s + 140. What is r(-6)?
-4
Let f(d) = -136*d + 1563. What is f(11)?
67
Let i(l) = 64*l + 221. Calculate i(-22).
-1187
Let n(p) = 4*p**3 + 19*p**2 - 7*p + 21. What is n(-6)?
-117
Let j(q) = -q**3 + 34*q**2 - 97*q + 130. Determine j(31).
6
Let t(y) = -y**3 - 11*y**2 - 5*y + 14. Give t(-11).
69
Let p(n) = n**3 + 2*n**2 - 4*n + 9. What is p(-4)?
-7
Let j(y) = 8*y**2 + 40*y - 2. Determine j(-7).
110
Let y(j) = 31*j + 322. Determine y(-24).
-422
Let l(n) = 2039*n - 20385. Calculate l(10).
5
Let x(o) = -3*o**2 - 250*o + 2305. What is x(9)?
-188
Let b(z) = 115*z**2 + 8*z - 4. Give b(1).
119
Let x(q) = 141*q + 3679. Give x(-27).
-128
Let z(s) = -96*s - 966. What is z(-10)?
-6
Let l(z) = -z**3 - 13*z**2 - 17*z - 15. What is l(-11)?
-70
Let t(x) = 17*x - 328. What is t(29)?
165
Let d(a) = 66*a**2 + 8*a - 5. Determine d(1).
69
Let l(r) = -6*r**2 + 381*r - 37. Calculate l(63).
152
Let z(n) = 16*n + 21. Give z(3).
69
Let h(y) = 68*y + 722. Calculate h(-11).
-26
Let y(u) = u**2 + 13*u - 16. Calculate y(-22).
182
Let m(b) = -b**2 - 18*b - 50. Calculate m(-3).
-5
Let n(p) = 25*p - 3247. Calculate n(130).
3
Let n(y) = y**3 - 13*y**2 + 74*y - 328. Calculate n(9).
14
Let f(a) = 1480*a - 31076. Calculate f(21).
4
Let s(d) = -18*d + 52. Calculate s(15).
-218
Let y(i) = i**3 + 8*i**2 + 7*i + 53. Calculate y(-7).
53
Let d(h) = 20*h - 96. Calculate d(12).
144
Let g(q) = 6528*q - 52236. What is g(8)?
-12
Let p(m) = -2*m**3 - 27*m**2 + 8*m - 114. Give p(-14).
-30
Let b(q) = 112*q + 219. Calculate b(-2).
-5
Let w(d) = -2*d**2 - 70*d - 213. Calculate w(-32).
-21
Let s(k) = -2*k**2 + 48*k - 21. Determine s(33).
-615
Let w(g) = -15*g + 492. Calculate w(32).
12
Let g(q) = q**3 + 14*q**2 + 44*q + 399. What is g(-13)?
-4
Let u(r) = -25*r**2 + 851*r - 34. What is u(34)?
0
Let u(y) = -52*y + 103. Give u(7).
-261
Let w(p) = p**3 - 7*p**2 + 12*p - 19. Determine w(6).
17
Let j(t) = t**3 + 4*t**2 - 5*t + 9. Give j(-5).
9
Let d(q) = -4*q**3 + 75*q**2 + 22*q - 59. Give d(19).
-2
Let l(j) = 6*j**2 - 144*j + 267. Determine l(22).
3
Let y(a) = -11986*a - 26. Determine y(0).
-26
Let x(b) = -5*b**2 + 458*b + 51. Calculate x(92).
-133
Let v(l) = -l**3 + 34*l**2 - 58*l + 506. What is v(32)?
698
Let t(z) = -30*z + 1047. Determine t(31).
117
Let z(c) = 1676*c + 21788. What is z(-13)?
0
Let h(f) = 2*f**2 + 41*f - 61. What is h(-21)?
-40
Let z(g) = -130*g + 611. Calculate z(5).
-39
Let t(d) = 87*d - 963. Determine t(11).
-6
Let a(s) = -15*s**2 + 10*s + 103. Determine a(10).
-1297
Let d(k) = 267*k**2 - 1066*k - 3. What is d(4)?
5
Let p(b) = -b**2 - 3085*b - 15458. Give p(-5).
-58
Let y(f) = -f**3 - 116*f**2 + 362*f + 507. What is y(-119)?
-88
Let l(q) = 3*q**2 + 242*q - 99. Give l(-81).
-18
Let g(u) = -748*u - 753. Calculate g(-1).
-5
Let v(m) = -m**3 + 4*m**2 + 50*m - 254. Calculate v(7).
-51
Let y(q) = -50*q - 771. Determine y(-16).
29
Let g(v) = -1170*v - 76043. Calculate g(-65).
7
Let s(x) = x**2 + 47*x + 108. What is s(-43)?
-64
Let k(c) = -c**2 + 127*c - 2221. Determine k(21).
5
Let z(t) = t**3 + 32*t**2 + 15*t - 492. Calculate z(-31).
4
Let f(y) = -y**3 - y**2 + 2*y + 2. Give f(0).
2
Let b(w) = -20*w + 271. Give b(17).
-69
Let u(a) = -a**3 + 19*a**2 + 49*a - 91. Calculate u(21).
56
Let t(i) = -i**3 - 23*i**2 + 25*i - 96. What is t(-24)?
-120
Let v(m) = m**2 + 3*m - 50. Determine v(6).
4
Let w(r) = 16*r - 1212. Calculate w(69).
-108
Let z(n) = 188*n + 696. Give z(-3).
132
Let x(m) = -2*m**2 - 38*m - 23. Determine x(-19).
-23
Let b(h) = 115*h + 1384. Give b(-12).
4
Let p(u) = -8*u**3 - 22*u**2 - 8*u - 82. Determine p(0).
-82
Let g(x) = -302*x - 11517. Give g(-38).
-41
Let v(x) = -2*x**2 + 50*x - 95. What is v(23)?
-3
Let k(b) = 2*b**3 + 18*b**2 - 12. Calculate k(-9).
-12
Let s(q) = -q**3 - 13*q**2 - 57*q - 382. Give s(-11).
3
Let b(x) = x**3 + 40*x**2 - 24*x + 737. Give b(-41).
40
Let u(n) = -2*n**2 + 5*n + 43. What is u(10)?
-107
Let m(k) = -2*k**2 + 92*k - 1067. Give m(14).
-171
Let u(y) = y**2 + 73*y - 377. Calculate u(-83).
453
Let y(j) = -2*j**2 + 105*j - 679. Determine y(7).
-42
Let h(w) = -367*w - 13215. What is h(-36)?
-3
Let w(a) = a**3 - 9*a**2 - 16*a - 31. Determine w(12).
209
Let k(t) = t**3 - 310*t**2 + 974*t - 16272. What is k(307)?
-1
Let z(t) = t**3 - 14*t**2 - 15*t - 26. Calculate z(15).
-26
Let b(l) = -26*l**2 + 7599*l - 2049. Give b(292).
-5
Let c(a) = -a**2 + 142*a - 679. Calculate c(137).
6
Let y(m) = -3*m**3 + 13*m**2 - 11*m + 119. What is y(7)?
-350
Let o(b) = -3*b**2 + 75*b + 52. Determine o(25).
52
Let j(i) = -170*i**2 + i - 1. Calculate j(1).
-170
Let v(f) = 6375*f + 31890. Determine v(-5).
15
Let c(t) = -t**3 - 3*t**2 + 5*t - 27. Give c(0).
-27
Let a(r) = r**2 - 7*r + 176. Give a(8).
184
Let a(k) = -2*k**2 + 26*k - 85. Calculate a(14).
-113
Let a(f) = -f**2 + f + 507. Calculate a(-22).
1
Let t(z) = 2648*z**2 - 34424*z - 20. Give t(13).
-20
Let v(h) = -5*h - 72. Calculate v(-26).
58
Let c(a) = 219*a - 1177. What is c(6)?
137
Let c(v) = -2*v**3 - 6*v**2 - 12*v + 13. Calculate c(-7).
489
Let y(j) = -2*j**2 - 176*j + 1569. Determine y(9).
-177
Let x(r) = -157*r - 91. Calculate x(-1).
66
Let r(y) = 53*y + 11. Give r(3).
170
Let g(i) = 18*i + 1361. What is g(-76)?
-7
Let j(t) = 379*t**3 - 4*t**2 + 6*t - 1. Give j(1).
380
Let b(f) = -2*f**2 - 39*f + 175. Calculate b(4).
-13
Let k(c) = -10*